 Calculate the highest common divisor of 1045 and x.
55
Let j = 13 - 8. Let z = j + 9. Let u = 8610 + -8568. Calculate the greatest common divisor of u and z.
14
Let g(l) = -l**3 + 9*l**2 + 11*l + 11. Let v be g(10). Suppose -v*t - 142 = -457. Let u be (-4 + 1)/3 - -6. What is the greatest common divisor of u and t?
5
Let j = -43 + 103. Let v be (112/(-10))/(-30*70/39375). Calculate the highest common divisor of j and v.
30
Let m be (-5)/20 - (-13350)/(-40). Let b = 338 + m. What is the greatest common factor of b and 8?
4
Suppose 235 + 425 = -30*q. Suppose -2*w = p - 0*w + 30, 2*w - 72 = 2*p. Let x = q - p. What is the highest common divisor of 48 and x?
12
Suppose f + 8*p - 4*p - 11 = 0, -f - 5*p + 14 = 0. Let m(k) = 163*k**2 + 6*k - 1. Let b be m(f). Calculate the greatest common divisor of 12 and b.
12
Let x(l) = l**2 + 18*l - 9834. Let f be x(-159). Calculate the greatest common divisor of f and 15.
15
Let v(f) = 24*f - 7. Let r be v(-5). Let l be -1063*(-8)/40 - 3/5. Let c = l + r. Calculate the highest common divisor of 34 and c.
17
Let b = -369 - -402. Suppose b - 878 = -13*v. What is the greatest common divisor of v and 260?
65
Let o = 10734 + 480. Calculate the highest common factor of 18 and o.
18
Suppose -1992 = -3*z - 0*z. Suppose 491*r - 1834 = 2094. What is the greatest common divisor of r and z?
8
Suppose 42 = 5*o - 28. Let h be (((-7770)/(-4))/(-5))/(15/(-20)). Calculate the greatest common divisor of o and h.
14
Suppose -240*h = 3*l - 236*h - 14672, 9783 = 2*l + 3*h. What is the greatest common divisor of l and 528?
132
Suppose y - 3*t - 3 = 0, -4*t = 2*y - 127 + 111. What is the greatest common divisor of y and 9036?
6
Suppose -25 = -4*a - a. Let h = 3015 - 3015. Suppose -a*p + 5*y + 160 = h, -y = -4*p + 4*y + 133. Calculate the highest common factor of p and 9.
9
Suppose 132*p + 48 = 135*p. Suppose 25*x - 648 = p*x. Calculate the highest common factor of 198 and x.
18
Suppose 68728 = -224*f + 268*f. What is the greatest common divisor of 142 and f?
142
Let p be 18 - ((-1)/(-8) - 3948/(-672)). Let f(u) = 109*u + 8. Let g be f(4). What is the greatest common factor of g and p?
12
Let n = -325 - -334. Suppose 2*a - n = -3*z, -5*a + z = -z - 32. What is the greatest common factor of a and 32?
2
Suppose 9*t = -5*z + 11*t + 3131, 3*z - t = 1878. Let k = 751 - z. What is the greatest common factor of k and 462?
42
Let j be 172*185*2/40. Suppose 0 = -2*i + i + 2*z + 37, 4*i + 4*z = 148. Calculate the greatest common factor of i and j.
37
Suppose -77*p - 800 = -157*p. Suppose 0*u - 5*u + 15 = 0. Let r be (u*1)/(18/660). Calculate the greatest common divisor of p and r.
10
Suppose -404 = -4*t - 2*k, 5 + 3 = -4*k. Let j(g) = -33*g + 134. Let s be j(2). What is the highest common factor of s and t?
34
Let u = -2714 - -5179. What is the highest common divisor of u and 170?
85
Suppose -7*f + 21 = -0*f. Suppose -673 = -f*v + 4*r - 0*r, -3*v + 674 = -5*r. Suppose -19 = 3*y - v. What is the greatest common factor of y and 170?
34
Suppose 17*c + 5*m = 21*c - 231, -m = 2*c - 105. Calculate the greatest common divisor of 54 and c.
54
Let s be ((-6)/(-24))/((-3)/4) - 4715/(-69). Calculate the highest common factor of 1717 and s.
17
Let x be 18/21 + 30*472/42. Let r = 408 - x. What is the greatest common factor of r and 160?
10
Let d(k) = k**3 + k**2 + 3*k - 1156. Let w be d(0). Let o = w + 1639. What is the highest common factor of 21 and o?
21
Suppose 13*b + 0*b + 30525 = 46*b. What is the greatest common divisor of b and 100?
25
Suppose -39*h = -71 - 241. Let l = -88 - -124. Calculate the highest common divisor of h and l.
4
Let n = -12 + 23. Suppose -n = -5*s - 1. Let m = -5354 + 5370. Calculate the highest common factor of m and s.
2
Let w be ((-304)/114)/(32/(-60)). Calculate the greatest common divisor of w and 3265.
5
Let y(w) be the first derivative of w**2 - w - 59. Let v be y(8). Calculate the highest common divisor of 195 and v.
15
Suppose -3*g - 2*h + 606 + 710 = 0, 3*h + 457 = g. Calculate the greatest common factor of g and 170.
34
Suppose 0 = -4*n - 282 + 318. Suppose -6*u - 3*l - 102 = -n*u, -3*l + 26 = u. What is the greatest common factor of 224 and u?
32
Let j(m) = 27*m - 7. Suppose 9*c - 63 = -18. Let d be j(c). What is the greatest common factor of d and 32?
32
Let o be (5/(-4))/(369/(-554976)). What is the highest common divisor of 920 and o?
40
Let l(c) = -5*c - 42. Let s be l(-9). Suppose -5*o + 397 = s*d - 44, 0 = 3*o - 4*d - 282. Calculate the highest common divisor of o and 54.
18
Suppose 0 = -6*r - 66*r + 11082 + 2454. Calculate the highest common factor of 1598 and r.
94
Let r(y) = -y**3 - 11*y**2 + 27*y + 17. Let p be (-364)/(-28)*1/(-1). Let l be r(p). Calculate the greatest common divisor of 116 and l.
4
Suppose -109*d + 78099 - 51696 = -75621. Calculate the highest common factor of d and 1368.
72
Suppose 3*j = -600*q + 598*q + 1573, -5*q = 3*j - 1561. What is the greatest common factor of j and 187?
17
Let f = -57159 - -57162. Let l be ((-6)/(-9))/((-2)/(-33)). Calculate the greatest common divisor of f and l.
1
Let l = 222 + -213. Let k(y) = y + 24. Let x be k(-28). Let a = 13 + x. Calculate the greatest common divisor of a and l.
9
Suppose 23*b - 846 = -10*b + 2784. Let v(t) = t**2 + 2*t + 2 - 4 + 0*t**2. Let o be v(4). What is the greatest common factor of b and o?
22
Suppose -12*q - 51989 + 76982 + 83475 = 0. Calculate the greatest common divisor of 138 and q.
69
Let f = 17064 + -15347. Calculate the greatest common factor of 707 and f.
101
Let c(l) = -55*l + 55. Let d be c(4). Let j = -157 - d. Calculate the highest common divisor of j and 128.
8
Let a be (-2)/(((-4)/(-52))/(-1)). Let s = 1776 + -1750. What is the greatest common factor of s and a?
26
Let g(f) = f**3 - 9*f**2 - 10*f + 5. Let n be g(10). Suppose -c - n*l = -56, 5*l + 160 = 7*c - 2*c. What is the highest common divisor of 27 and c?
9
Suppose 16*t + t - 125 = 12*t. Calculate the highest common divisor of t and 2075.
25
Suppose 1 = 3*m - 5. Suppose 0 = -5*y + 36 - 21. Let t be y/2 - 15/(-30). Calculate the highest common factor of m and t.
2
Let g = -6 - -16. Suppose 0 = -3*r - 5*u + 4*u - 1, -r - 7 = -3*u. Let f(x) = 26*x**2 + 8*x + 7. Let c be f(r). Calculate the highest common divisor of g and c.
5
Let t be -7 + 5/(-20)*0 + 6 - -22184. Calculate the greatest common factor of t and 7.
7
Let r be (179664/88)/3 + (-12)/22. Calculate the greatest common factor of r and 85.
85
Suppose 4*s = -v + 379 - 75, -2*v = -3*s - 652. What is the highest common factor of 100 and v?
20
Let u = 215 + -205. Let w(z) = 6*z**2 - 41*z - 14. Let n be w(u). What is the highest common divisor of n and 88?
88
Let u = -17363 + 17383. Calculate the greatest common factor of u and 1650.
10
Let x be 158/22 + 10/(-55). Suppose -20*u + 126 = -19*u. Suppose -6*z + 0*z = -u. What is the greatest common factor of x and z?
7
Suppose -s - v - 428 + 460 = 0, -5*s - 3*v = -170. Let n(o) = -22*o + 1. Let m be n(-5). What is the greatest common factor of m and s?
37
Suppose -2*b = -2, 5*b = p - 3*p - 149. Let j = p + 220. What is the greatest common divisor of j and 26?
13
Let b be 2/14 + 16/(-14). Let q(l) = l - 8. Let c be q(9). Let k be b*738*c/(-2). Calculate the greatest common factor of 41 and k.
41
Suppose 4*g - 134 = -3*s, g = -s - 3*g + 50. Let u = -31 + s. Let z(x) = 119*x - 9. Let w be z(1). What is the greatest common divisor of w and u?
11
Let n = 37067 + -36934. Calculate the greatest common factor of n and 4313.
19
Let n(q) = 27*q**2 + 7*q - 5. Let c be n(-4). Let w = -335 + c. What is the greatest common factor of 320 and w?
64
Let x(r) = 5*r + 21. Let n be ((-2)/(-2))/(-11 - -10 - 0). Let c be x(n). Calculate the highest common factor of 72 and c.
8
Let v = -62 + 234. Suppose 2*a - 3*a + r = -v, 0 = a + 4*r - 177. Suppose 5*u + a = 998. What is the greatest common divisor of u and 66?
33
Let w = -609 + 1011. Suppose w = -20*d + 26*d. Suppose 0 = -9*f + d - 13. Calculate the highest common factor of 21 and f.
3
Let c(p) = 39*p - 1012. Let g be c(38). What is the highest common divisor of g and 4042?
94
Let y be 2/(-16) + 52/416. Suppose y = 92*h - 94*h + 72. Calculate the highest common factor of 102 and h.
6
Let v = -169 + 186. Suppose 0 = 6*y - v*y + 418. Wha